+ h - 8 = -4*y, 0 = -3*h - 6. Let b be 6/(-8)*y*-2. Let z(v) = -13*v**2 + v - v**2 - 2 + v + 12*v**2. Calculate z(b).
-14
Let a = 21 - 13. Let y(r) = 15 - 42 + 18 + r + 0*r + 8. What is y(a)?
7
Suppose 0 = -d + f + 3, -2 = -2*d - 5*f - 3. Let v(p) = p**2 - 3*p + 3. Give v(d).
1
Let k be 3/(-4) - 15/12. Let p be -3*(-16)/12 + -2. Let r(n) = 5*n + 0*n**2 - 5*n + p + n**3 + n**2. Give r(k).
-2
Let i(r) = r**2 - 22*r + 35. Let a be i(20). Let w(q) = -q - 6 + 2 - 6. Calculate w(a).
-5
Let r(l) be the first derivative of 5/2*l**2 - 3 + 1/12*l**4 + 0*l**3 - l. Let p(a) be the first derivative of r(a). Calculate p(0).
5
Let q = 50 - 44. Let l(r) = 0*r**2 + 11*r**2 + r**3 - 18*r**2 + q*r - 5. Determine l(6).
-5
Let j be 2 + (9/(-27) - (-20)/(-12)). Let s(k) = -2*k - 4. Determine s(j).
-4
Let o(b) = -b + 2. Let c be o(7). Let p(s) = 47*s**2 + 8*s + 7. Let d(j) = 75*j**2 + 12*j + 11. Let k(w) = -5*d(w) + 8*p(w). What is k(c)?
6
Suppose 7*g = -0*g - 42. Let u be ((-4)/6)/(1/(-9)). Let s(d) = -u*d + 2 - d**2 + 1 - 6 - 1. Determine s(g).
-4
Suppose 5*p = 5*r - 19 - 1, -2*p - 5*r = 22. Suppose -o - 3 = u, 5*u - 3*u + 8 = 0. Let f be 1/o + p + 9. Let s(z) = -3*z + 2. What is s(f)?
-10
Let t(i) be the first derivative of -3*i**2/2 + 3*i - 94. Calculate t(-7).
24
Suppose 21*l + 12 = 19*l. Let w(q) = -4*q - 17. Determine w(l).
7
Suppose 5*n - 3*n = 12. Let m(c) = -c**2. Let g(v) = 5*v**2 + 6*v - 1. Let p(q) = n*m(q) + g(q). Determine p(5).
4
Let u(w) = -w**3 + w**2 - w. Let r(a) = -6*a**3 + 9*a**2 - 5*a - 2. Let x(z) = r(z) - 4*u(z). Suppose 119 = 41*s - 4. What is x(s)?
-14
Let c(y) = -6*y + 5. Let v(l) = -l**3 - 3*l**2 + 4*l - 5. Let p be v(-4). Let w be p/(-35) - 26/(-14). Let m be c(w). Let s(b) = b + 5. Calculate s(m).
-2
Let v(m) = 11*m**2 + 9*m**2 + 4*m + 8 - 32*m**2 + 16*m**2 + m**3 + 0*m. Give v(-4).
-8
Suppose -d + 3*y = 12, 5*y + 6 = 4*d + 19. Let i(k) = 2*k**2 + 8*k**2 + k - 9*k**2 - 4*k + 1. Give i(d).
1
Suppose 4*t - 5*t - 3*q + 20 = 0, 28 = 3*t + q. Let i(m) = -7*m + 5*m + m**2 - 2 + 0*m**2 - t*m. What is i(10)?
-2
Suppose 4*c + 0*c - 5*g = -43, -5*c - 4*g = 64. Let l = c - -17. Suppose 0 = l*j - 28 + 8. Let s(h) = h**2 - 4*h - 5. What is s(j)?
-5
Let d(k) be the second derivative of -k**5/10 + k**3/3 - 3*k**2/2 - 198*k. What is d(2)?
-15
Suppose 4*b + 2 = 2*b. Let r(t) be the second derivative of -t**4/6 + t**3/6 + 49*t**2/2 - 5*t - 3. Let f(u) be the first derivative of r(u). Calculate f(b).
5
Let h(v) be the second derivative of v**7/840 - v**6/36 - v**5/120 + v**4/3 - 19*v**3/6 + 35*v. Let r(s) be the second derivative of h(s). What is r(10)?
-2
Let v(z) be the second derivative of -1/3*z**3 + 0 - 5/2*z**2 + 1/12*z**4 + 2*z. Suppose -5*n + g + 16 = 0, -3*n - 3*g + 7*g - 4 = 0. What is v(n)?
3
Suppose 10*m - 6*m = -c - 9, -2*c = -6. Let z(l) = -3*l**2 - 4*l + 6. Determine z(m).
-9
Let a = -529 + 526. Let p(s) = 5*s**3 + 15*s**2 + 3*s + 3. What is p(a)?
-6
Suppose -21 = v - 3*v - 5*p, -3*v = p - 12. Let g(t) be the second derivative of -2/3*t**3 + 1/6*t**4 - 5*t + 3/2*t**2 + 0. Calculate g(v).
9
Let y(t) be the first derivative of -t**3/3 - 5*t**2/2 - t - 251. What is y(-3)?
5
Let x be 96/56 - (-4)/14. Suppose -5*u - 3*k = -38 + 16, -2*u - 3*k = -7. Let n(t) = 2 + u*t - 2*t**2 - 7*t + 3*t**2 - 1. Give n(x).
1
Let y(m) = -7*m**3 - 3*m**2 - 6*m - 11. Let x(u) = 8*u**3 + 4*u**2 + 7*u + 13. Let w(g) = 6*x(g) + 7*y(g). Calculate w(4).
-15
Suppose -2*v + 5*u - 6 = 8, -5*v + 2*u = 14. Let c be v/(-7) + 5/7. Let h(r) = -1911*r + 3810*r - 1896*r - 1. Give h(c).
2
Suppose 28*i = -51 + 23. Let t(w) = -67*w**2 + 1. Give t(i).
-66
Let y(z) = -3*z**3 + z**2 + 2*z + 1. Let g(q) = 2*q**2 - 6*q + 10*q**3 - 6*q**2 - 2 + 0*q. Let c(r) = -2*g(r) - 7*y(r). Calculate c(-2).
-3
Let i(y) = -y + 13. Suppose 5*x = -0*o - 5*o, 35 = 3*o - 4*x. Let k = o + 4. Calculate i(k).
4
Let y(v) be the first derivative of v**4/24 + 3*v**2/2 + 6*v - 42. Let u(q) be the second derivative of y(q). Calculate u(-2).
-2
Let x(d) = 9*d + 6. Suppose -3*z + 182*m - 24 = 177*m, 0 = 2*z - 4*m + 18. What is x(z)?
-21
Let u(y) = 1 + 0 - 4*y + 2*y. Let x = -14 + 19. Suppose x - 4 = -v. Determine u(v).
3
Suppose 1 = l - 3. Let m(h) = -2*h**3 - 3*h**2 + 17*h - 19. Let r(b) = -b**3 - 2*b**2 + 9*b - 10. Let g(x) = 4*m(x) - 7*r(x). Determine g(l).
-18
Let r = 24 - 21. Let q(b) = -r + 0 - b**2 + 7*b - 4. Give q(5).
3
Let p(d) = d**2 - 10*d + 2. Let o be p(10). Let t(l) = -5*l + 8*l**o + l + 2*l + l. Give t(1).
7
Suppose 4*z - 5*i - 32 = 0, i + 7 = 4*z - 3*z. Let a(k) = -k**2 - 3*k + 16. What is a(z)?
-2
Let z be (-1 + 1/1)/(23 + -20). Let k(n) = 2*n**2 - n + 4. Give k(z).
4
Let x(w) = -10*w**2 + 7*w + 4. Let h(y) = -3*y**2 - y - 1. Let v(l) = 3*h(l) - x(l). What is v(10)?
-7
Let k be (1/1)/(5/(-25)). Let a(h) = h**3 + h**2. Let w(l) = -4*l**3 - 9*l**2 - 5*l + 6. Let s(d) = -3*a(d) - w(d). What is s(k)?
-6
Let n(o) be the first derivative of -o**3/3 + 7*o**2/2 - 23*o - 16. Let b(t) be the first derivative of n(t). Let l(k) = -k + 2. Let m be l(-4). What is b(m)?
-5
Let g(y) = -12*y**2 - 3*y - 2. Let c = -1735 - -1734. Determine g(c).
-11
Let s(v) = 6 - 6*v + v**3 + 3*v - 1 + 8*v**2 + 2 + 2*v. What is s(-8)?
15
Let c(j) = -82*j + 38*j + 46*j - j**2 + 18. Give c(0).
18
Let n = -133 - -136. Let u(j) = -5*j**2 - j. Let r(b) = -6*b**2 - 2*b. Let m(q) = 4*r(q) - 5*u(q). Calculate m(n).
0
Let q(c) = -7*c**3 - 11*c**2 - 9*c - 14. Let y(j) = 3*j**3 + 5*j**2 + 4*j + 7. Let x(f) = -4*q(f) - 9*y(f). Let m = 2 + -2. Give x(m).
-7
Let c(x) be the third derivative of -x**6/120 - x**5/12 + x**4/4 + 4*x**3/3 + 499*x**2. Let u = 11 - 7. Suppose a + u*a = -30. What is c(a)?
8
Let b(p) be the first derivative of p**3/3 - 7*p**2/2 + 5*p + 1. Let o(t) = -t + 4. Let z be o(1). Suppose 2*c + 8 = -4*h, -c = -3*c - z*h - 4. Calculate b(c).
-7
Let y(n) = -n**2 - 8*n - 12. Let j be y(-9). Let x = j + 27. Let t(a) = -a**2 + 4*a + 7. Give t(x).
-5
Let x be 4 + ((-10)/(-5) - 0). Suppose x = -5*n + 2*s + 32, -2*n = -3*s - 17. Let k(h) = -2*h**2 + 5*h + 2. Give k(n).
-10
Let k(v) = v - 1. Let f be ((-24)/(-4))/(-3) - -3. Suppose 4*p - 40 = 2*w, 2*p + 3*p = -4*w - 28. Let g be w/(-4) + -1 + f. Determine k(g).
2
Let r(d) be the third derivative of -d**6/120 + d**5/12 + d**3/3 - 1823*d**2. Let n = 10 + -1. Let l = -4 + n. Calculate r(l).
2
Let n(w) = 3076*w**2 - 1 - 3077*w**2 - 13*w - 3. Calculate n(-12).
8
Suppose -18*r - 120 = -12. Let i(q) = -q**3 - 6*q**2 - 2*q - 6. Give i(r).
6
Let k(n) = -3*n**3 + 10*n**2 - 12*n + 6. Let d(j) = -2*j**3 + 5*j**2 - 6*j + 3. Let b = 11 + -14. Let t(u) = b*k(u) + 5*d(u). Give t(-6).
-3
Suppose -7*q + 30 = -12*q. Let o(h) = 0*h**3 - 455*h + 461*h + 7 + h**3 + 7*h**2 + 0*h**2. Give o(q).
7
Let p(c) = 4*c + 5. Let n(i) = 9*i + 10. Let z(w) = 3*n(w) - 7*p(w). Suppose -2*j = -12, -2*s + 6 = 44*j - 43*j. Calculate z(s).
-5
Let b(n) = 6*n**2 + 7*n + 19. Let r(o) = -7*o**2 - 7*o - 22. Let k(x) = 6*b(x) + 5*r(x). Determine k(-5).
-6
Let k be (0 - 3)*1/(-1). Let u(c) be the first derivative of -c**4/4 + c**3 + c**2 + 4*c - 15. What is u(k)?
10
Let j(b) = -4*b + 1. Let r = 4 + -1. Suppose -r*c - 28 = -5*s - 0*s, 5*c + 3*s = 10. Let x be j(c). Let p(i) = -i**3 + 6*i**2 - 8*i + 6. Calculate p(x).
-9
Let j(d) = d**3. Let v(m) = m**3 + 3*m**2 + 3*m - 3. Let f(a) = -2*j(a) + v(a). Let k(r) = -2*r - 1. Let w be k(-2). Give f(w).
6
Let u(j) = -j - 5. Let s = 1562 + -1568. What is u(s)?
1
Let j(d) = d**3 - 6*d**2 - 9*d - 5. Let r(u) = u**3 + 50*u**2 + 140*u - 40. Let f be r(-47). What is j(f)?
-19
Let u(v) = -v**3 + 4*v**2 + v - 2. Suppose -30*z = -33*z + 9. What is u(z)?
10
Let d(g) = -2*g - 7. Let f = 25 - 16. Suppose -4*o - i + f = -12, o - 7 = -2*i. Let v(q) = q**2 - 5*q - 6. Let l be v(o). Determine d(l).
5
Let d(w) = 862 - 873 - 20*w + 21*w. Determine d(11).
0
Let g(w) = 4*w - 19. Let z be g(3). Let i(k) = -k**3 - 7*k**2 + 3*k + 5. Give i(z).
-16
Let h(o) = -o**2 - 4*o - 4. Let b be (-8)/(-36) + 266/18. Suppose 6*x + b = 3*x. What is h(x)?
-9
Let p(i) = 2*i**2 - 14*i - 7. Let g(t) = 7*t + 3 - 16*t + 16*t - t**2 + 0*t**2. Let f(r) = 5*g(r) + 3*p(r). Give f(7).
-6
Let k(h) = -h**2 - 3*h + 6. Suppose -5 = -u - 11. Calculate k(u).
-12
Let u(z) be the second derivative of z**5/20 - z**4/6 + z**3/6 - 14*z. Let v be u(